{"id":28,"date":"2023-08-14T14:23:55","date_gmt":"2023-08-14T17:23:55","guid":{"rendered":"https:\/\/amandazenckel18.wordpress.com\/?page_id=28"},"modified":"2023-10-17T10:36:39","modified_gmt":"2023-10-17T13:36:39","slug":"documentacao-necessaria","status":"publish","type":"page","link":"https:\/\/realizanegocial.com.br\/index.php\/documentacao-necessaria\/","title":{"rendered":"Documenta\u00e7\u00e3o Necess\u00e1ria"},"content":{"rendered":"\n<p><\/p>\n\n\n\n<figure class=\"wp-block-image aligncenter size-full is-resized\"><img loading=\"lazy\" decoding=\"async\" width=\"920\" height=\"1016\" src=\"https:\/\/realizanegocial.com.br\/wp-content\/uploads\/2023\/08\/copia-de-portifolio-1-e1692015072471.png\" alt=\"\" class=\"wp-image-113\" style=\"aspect-ratio:0.905511811023622;width:576px;height:auto\" srcset=\"https:\/\/realizanegocial.com.br\/wp-content\/uploads\/2023\/08\/copia-de-portifolio-1-e1692015072471.png 920w, https:\/\/realizanegocial.com.br\/wp-content\/uploads\/2023\/08\/copia-de-portifolio-1-e1692015072471-272x300.png 272w, https:\/\/realizanegocial.com.br\/wp-content\/uploads\/2023\/08\/copia-de-portifolio-1-e1692015072471-768x848.png 768w\" sizes=\"(max-width: 920px) 100vw, 920px\" \/><\/figure>\n","protected":false},"excerpt":{"rendered":"","protected":false},"author":1,"featured_media":0,"parent":0,"menu_order":0,"comment_status":"closed","ping_status":"closed","template":"","meta":{"footnotes":"","_joinchat":[]},"_links":{"self":[{"href":"https:\/\/realizanegocial.com.br\/index.php\/wp-json\/wp\/v2\/pages\/28"}],"collection":[{"href":"https:\/\/realizanegocial.com.br\/index.php\/wp-json\/wp\/v2\/pages"}],"about":[{"href":"https:\/\/realizanegocial.com.br\/index.php\/wp-json\/wp\/v2\/types\/page"}],"author":[{"embeddable":true,"href":"https:\/\/realizanegocial.com.br\/index.php\/wp-json\/wp\/v2\/users\/1"}],"replies":[{"embeddable":true,"href":"https:\/\/realizanegocial.com.br\/index.php\/wp-json\/wp\/v2\/comments?post=28"}],"version-history":[{"count":1,"href":"https:\/\/realizanegocial.com.br\/index.php\/wp-json\/wp\/v2\/pages\/28\/revisions"}],"predecessor-version":[{"id":550,"href":"https:\/\/realizanegocial.com.br\/index.php\/wp-json\/wp\/v2\/pages\/28\/revisions\/550"}],"wp:attachment":[{"href":"https:\/\/realizanegocial.com.br\/index.php\/wp-json\/wp\/v2\/media?parent=28"}],"curies":[{"name":"wp","href":"https:\/\/api.w.org\/{rel}","templated":true}]}}